[INFO] cloning repository https://github.com/fulmicoton/common-search
[INFO] running `Command { std: "git" "-c" "credential.helper=" "-c" "credential.helper=/workspace/cargo-home/bin/git-credential-null" "clone" "--bare" "https://github.com/fulmicoton/common-search" "/workspace/cache/git-repos/https%3A%2F%2Fgithub.com%2Ffulmicoton%2Fcommon-search", kill_on_drop: false }`
[INFO] [stderr] Cloning into bare repository '/workspace/cache/git-repos/https%3A%2F%2Fgithub.com%2Ffulmicoton%2Fcommon-search'...
[INFO] running `Command { std: "git" "rev-parse" "HEAD", kill_on_drop: false }`
[INFO] [stdout] 83a686933cfc89a365012d809038ba6812a7eb01
[INFO] checking fulmicoton/common-search against master#af3c6e733a40e671550e0f0f5aeecaa13772ba56 for pr-74989
[INFO] running `Command { std: "git" "clone" "/workspace/cache/git-repos/https%3A%2F%2Fgithub.com%2Ffulmicoton%2Fcommon-search" "/workspace/builds/worker-10/source", kill_on_drop: false }`
[INFO] [stderr] Cloning into '/workspace/builds/worker-10/source'...
[INFO] [stderr] done.
[INFO] validating manifest of git repo https://github.com/fulmicoton/common-search on toolchain af3c6e733a40e671550e0f0f5aeecaa13772ba56
[INFO] running `Command { std: "/workspace/cargo-home/bin/cargo" "+af3c6e733a40e671550e0f0f5aeecaa13772ba56" "read-manifest" "--manifest-path" "Cargo.toml", kill_on_drop: false }`
[INFO] started tweaking git repo https://github.com/fulmicoton/common-search
[INFO] removed path dependency tantivy from git repo https://github.com/fulmicoton/common-search
[INFO] finished tweaking git repo https://github.com/fulmicoton/common-search
[INFO] tweaked toml for git repo https://github.com/fulmicoton/common-search written to /workspace/builds/worker-10/source/Cargo.toml
[INFO] crate git repo https://github.com/fulmicoton/common-search already has a lockfile, it will not be regenerated
[INFO] running `Command { std: "/workspace/cargo-home/bin/cargo" "+af3c6e733a40e671550e0f0f5aeecaa13772ba56" "fetch" "--locked" "--manifest-path" "Cargo.toml", kill_on_drop: false }`
[INFO] [stderr] warning: dependency (tantivy) specified without providing a local path, Git repository, or version to use. This will be considered an error in future versions
[INFO] [stderr]     Updating crates.io index
[INFO] [stderr] error: the lock file /workspace/builds/worker-10/source/Cargo.lock needs to be updated but --locked was passed to prevent this
[INFO] [stderr] If you want to try to generate the lock file without accessing the network, use the --offline flag.
[INFO] the lockfile is outdated, regenerating it
[INFO] running `Command { std: "/workspace/cargo-home/bin/cargo" "+af3c6e733a40e671550e0f0f5aeecaa13772ba56" "generate-lockfile" "--manifest-path" "Cargo.toml" "-Zno-index-update", kill_on_drop: false }`
[INFO] running `Command { std: "/workspace/cargo-home/bin/cargo" "+af3c6e733a40e671550e0f0f5aeecaa13772ba56" "fetch" "--locked" "--manifest-path" "Cargo.toml", kill_on_drop: false }`
[INFO] [stderr] warning: dependency (tantivy) specified without providing a local path, Git repository, or version to use. This will be considered an error in future versions
[INFO] running `Command { std: "docker" "create" "-v" "/var/lib/crater-agent-workspace/builds/worker-10/target:/opt/rustwide/target:rw,Z" "-v" "/var/lib/crater-agent-workspace/builds/worker-10/source:/opt/rustwide/workdir:ro,Z" "-v" "/var/lib/crater-agent-workspace/cargo-home:/opt/rustwide/cargo-home:ro,Z" "-v" "/var/lib/crater-agent-workspace/rustup-home:/opt/rustwide/rustup-home:ro,Z" "-e" "SOURCE_DIR=/opt/rustwide/workdir" "-e" "CARGO_TARGET_DIR=/opt/rustwide/target" "-e" "CARGO_HOME=/opt/rustwide/cargo-home" "-e" "RUSTUP_HOME=/opt/rustwide/rustup-home" "-w" "/opt/rustwide/workdir" "-m" "1610612736" "--user" "0:0" "--network" "none" "rustops/crates-build-env@sha256:d92eaeed33fa75130ca1ee6c8a01d1ffb62bac859dfdfb3450e3e5d1c0146529" "/opt/rustwide/cargo-home/bin/cargo" "+af3c6e733a40e671550e0f0f5aeecaa13772ba56" "metadata" "--no-deps" "--format-version=1", kill_on_drop: false }`
[INFO] [stdout] aec793a6b22318d551a5be855ee39ea5fd2f01d8c6698a9b789d3c9b00d27c92
[INFO] [stderr] WARNING: Your kernel does not support swap limit capabilities or the cgroup is not mounted. Memory limited without swap.
[INFO] running `Command { std: "docker" "start" "-a" "aec793a6b22318d551a5be855ee39ea5fd2f01d8c6698a9b789d3c9b00d27c92", kill_on_drop: false }`
[INFO] running `Command { std: "docker" "inspect" "aec793a6b22318d551a5be855ee39ea5fd2f01d8c6698a9b789d3c9b00d27c92", kill_on_drop: false }`
[INFO] running `Command { std: "docker" "rm" "-f" "aec793a6b22318d551a5be855ee39ea5fd2f01d8c6698a9b789d3c9b00d27c92", kill_on_drop: false }`
[INFO] [stdout] aec793a6b22318d551a5be855ee39ea5fd2f01d8c6698a9b789d3c9b00d27c92
[INFO] running `Command { std: "docker" "create" "-v" "/var/lib/crater-agent-workspace/builds/worker-10/target:/opt/rustwide/target:rw,Z" "-v" "/var/lib/crater-agent-workspace/builds/worker-10/source:/opt/rustwide/workdir:ro,Z" "-v" "/var/lib/crater-agent-workspace/cargo-home:/opt/rustwide/cargo-home:ro,Z" "-v" "/var/lib/crater-agent-workspace/rustup-home:/opt/rustwide/rustup-home:ro,Z" "-e" "SOURCE_DIR=/opt/rustwide/workdir" "-e" "CARGO_TARGET_DIR=/opt/rustwide/target" "-e" "CARGO_INCREMENTAL=0" "-e" "RUST_BACKTRACE=full" "-e" "RUSTFLAGS=--cap-lints=forbid" "-e" "CARGO_HOME=/opt/rustwide/cargo-home" "-e" "RUSTUP_HOME=/opt/rustwide/rustup-home" "-w" "/opt/rustwide/workdir" "-m" "1610612736" "--user" "0:0" "--network" "none" "rustops/crates-build-env@sha256:d92eaeed33fa75130ca1ee6c8a01d1ffb62bac859dfdfb3450e3e5d1c0146529" "/opt/rustwide/cargo-home/bin/cargo" "+af3c6e733a40e671550e0f0f5aeecaa13772ba56" "check" "--frozen" "--all" "--all-targets" "--message-format=json", kill_on_drop: false }`
[INFO] [stdout] ebb86d228cd0dec4aaba6e702ab0f3499862fa9f41484ac47ceaa5a1d5e34211
[INFO] [stderr] WARNING: Your kernel does not support swap limit capabilities or the cgroup is not mounted. Memory limited without swap.
[INFO] running `Command { std: "docker" "start" "-a" "ebb86d228cd0dec4aaba6e702ab0f3499862fa9f41484ac47ceaa5a1d5e34211", kill_on_drop: false }`
[INFO] [stderr] warning: dependency (tantivy) specified without providing a local path, Git repository, or version to use. This will be considered an error in future versions
[INFO] [stderr]    Compiling libc v0.2.77
[INFO] [stderr]     Checking cfg-if v0.1.10
[INFO] [stderr]    Compiling proc-macro2 v1.0.21
[INFO] [stderr]    Compiling unicode-xid v0.2.1
[INFO] [stderr]    Compiling syn v1.0.40
[INFO] [stderr]     Checking lazy_static v1.4.0
[INFO] [stderr]    Compiling memchr v2.3.3
[INFO] [stderr]    Compiling cc v1.0.59
[INFO] [stderr]    Compiling maybe-uninit v2.0.0
[INFO] [stderr]    Compiling bitflags v1.2.1
[INFO] [stderr]    Compiling pin-project-internal v0.4.23
[INFO] [stderr]     Checking scopeguard v1.1.0
[INFO] [stderr]     Checking slab v0.4.2
[INFO] [stderr]    Compiling proc-macro-nested v0.1.6
[INFO] [stderr]    Compiling rayon-core v1.8.0
[INFO] [stderr]     Checking futures-sink v0.3.5
[INFO] [stderr]    Compiling proc-macro-hack v0.5.18
[INFO] [stderr]    Compiling crc32fast v1.2.0
[INFO] [stderr]    Compiling byteorder v1.3.4
[INFO] [stderr]     Checking futures-core v0.3.5
[INFO] [stderr]     Checking adler v0.2.3
[INFO] [stderr]    Compiling crunchy v0.2.2
[INFO] [stderr]     Checking gimli v0.22.0
[INFO] [stderr]     Checking futures-io v0.3.5
[INFO] [stderr]     Checking either v1.6.0
[INFO] [stderr]     Checking pin-utils v0.1.0
[INFO] [stderr]     Checking lazycell v1.3.0
[INFO] [stderr]    Compiling regex v0.2.11
[INFO] [stderr]     Checking object v0.20.0
[INFO] [stderr]    Compiling snap v1.0.1
[INFO] [stderr]     Checking regex-syntax v0.6.18
[INFO] [stderr]     Checking ansi_term v0.11.0
[INFO] [stderr]     Checking strsim v0.8.0
[INFO] [stderr]     Checking itoa v0.4.6
[INFO] [stderr]     Checking fnv v1.0.7
[INFO] [stderr]     Checking openssl-probe v0.1.2
[INFO] [stderr]     Checking census v0.4.0
[INFO] [stderr]     Checking adler32 v1.2.0
[INFO] [stderr]     Checking levenshtein_automata v0.2.0
[INFO] [stderr]     Checking downcast-rs v1.2.0
[INFO] [stderr]    Compiling memoffset v0.5.5
[INFO] [stderr]    Compiling crossbeam-epoch v0.8.2
[INFO] [stderr]    Compiling miniz_oxide v0.4.2
[INFO] [stderr]    Compiling rayon v1.4.0
[INFO] [stderr]     Checking thread_local v0.3.6
[INFO] [stderr]     Checking futures-channel v0.3.5
[INFO] [stderr]     Checking owned-read v0.4.1
[INFO] [stderr]     Checking itertools v0.7.11
[INFO] [stderr]     Checking whatlang v0.5.0
[INFO] [stderr]     Checking log v0.4.11
[INFO] [stderr]     Checking crossbeam-utils v0.7.2
[INFO] [stderr]    Compiling structopt-derive v0.1.6
[INFO] [stderr]     Checking log v0.3.9
[INFO] [stderr]     Checking bitpacking v0.8.2
[INFO] [stderr]     Checking libflate v0.1.27
[INFO] [stderr]     Checking aho-corasick v0.6.10
[INFO] [stderr]     Checking combine v4.3.2
[INFO] [stderr]     Checking crossbeam-channel v0.4.4
[INFO] [stderr]     Checking crossbeam-queue v0.2.3
[INFO] [stderr]     Checking murmurhash32 v0.2.0
[INFO] [stderr]     Checking tantivy-fst v0.3.0
[INFO] [stderr]    Compiling quote v1.0.7
[INFO] [stderr]     Checking regex v1.3.9
[INFO] [stderr]     Checking getrandom v0.1.15
[INFO] [stderr]     Checking num_cpus v1.13.0
[INFO] [stderr]     Checking rand v0.4.6
[INFO] [stderr]     Checking net2 v0.2.35
[INFO] [stderr]     Checking iovec v0.1.4
[INFO] [stderr]     Checking inotify-sys v0.1.3
[INFO] [stderr]     Checking atty v0.2.14
[INFO] [stderr]     Checking filetime v0.2.12
[INFO] [stderr]     Checking time v0.1.44
[INFO] [stderr]     Checking nix v0.14.1
[INFO] [stderr]     Checking socket2 v0.3.15
[INFO] [stderr]     Checking memmap v0.7.0
[INFO] [stderr]     Checking fs2 v0.4.3
[INFO] [stderr]     Checking flate2 v1.0.17
[INFO] [stderr]     Checking crossbeam-deque v0.7.3
[INFO] [stderr]     Checking rand_core v0.5.1
[INFO] [stderr]     Checking inotify v0.7.1
[INFO] [stderr]     Checking clap v2.33.3
[INFO] [stderr]    Compiling libz-sys v1.1.2
[INFO] [stderr]    Compiling openssl-sys v0.9.58
[INFO] [stderr]    Compiling curl-sys v0.4.36+curl-7.71.1
[INFO] [stderr]     Checking mio v0.6.22
[INFO] [stderr]     Checking chrono v0.4.15
[INFO] [stderr]     Checking crossbeam v0.7.3
[INFO] [stderr]     Checking rand_chacha v0.2.2
[INFO] [stderr]     Checking tempdir v0.3.7
[INFO] [stderr]     Checking rand v0.3.23
[INFO] [stderr]     Checking env_logger v0.4.3
[INFO] [stderr]     Checking chan v0.1.23
[INFO] [stderr]     Checking rand v0.7.3
[INFO] [stderr]     Checking addr2line v0.13.0
[INFO] [stderr]     Checking mio-extras v2.0.6
[INFO] [stderr]     Checking rayon v0.9.0
[INFO] [stderr]     Checking notify v4.0.15
[INFO] [stderr]     Checking backtrace v0.3.50
[INFO] [stderr]     Checking tempfile v3.1.0
[INFO] [stderr]     Checking fail v0.4.0
[INFO] [stderr]     Checking structopt v0.1.7
[INFO] [stderr]     Checking atomicwrites v0.2.5
[INFO] [stderr]    Compiling synstructure v0.12.4
[INFO] [stderr]    Compiling curl v0.4.33
[INFO] [stderr]     Checking tantivy-query-grammar v0.13.0
[INFO] [stderr]    Compiling serde_derive v1.0.116
[INFO] [stderr]    Compiling futures-macro v0.3.5
[INFO] [stderr]    Compiling failure_derive v0.1.8
[INFO] [stderr]     Checking failure v0.1.8
[INFO] [stderr]     Checking pin-project v0.4.23
[INFO] [stderr]     Checking futures-util v0.3.5
[INFO] [stderr]     Checking serde v1.0.116
[INFO] [stderr]     Checking futures-executor v0.3.5
[INFO] [stderr]     Checking futures v0.3.5
[INFO] [stderr]     Checking rust-stemmers v1.2.0
[INFO] [stderr]     Checking uuid v0.8.1
[INFO] [stderr]     Checking serde_json v1.0.57
[INFO] [stderr]     Checking tantivy v0.13.0
[INFO] [stderr]     Checking tantivy-commoncrawl v0.1.0 (/opt/rustwide/workdir)
[INFO] [stdout] warning: unused import: `futures::future::Future`
[INFO] [stdout]   --> src/main.rs:17:5
[INFO] [stdout]    |
[INFO] [stdout] 17 | use futures::future::Future;
[INFO] [stdout]    |     ^^^^^^^^^^^^^^^^^^^^^^^
[INFO] [stdout]    |
[INFO] [stdout]    = note: `#[warn(unused_imports)]` on by default
[INFO] [stdout] 
[INFO] [stdout] 
[INFO] [stdout] warning: unused import: `tantivy::tokenizer::Tokenizer`
[INFO] [stdout]   --> src/main.rs:22:5
[INFO] [stdout]    |
[INFO] [stdout] 22 | use tantivy::tokenizer::Tokenizer;
[INFO] [stdout]    |     ^^^^^^^^^^^^^^^^^^^^^^^^^^^^^
[INFO] [stdout] 
[INFO] [stdout] 
[INFO] [stdout] warning: unused import: `futures::future::Future`
[INFO] [stdout]   --> src/main.rs:17:5
[INFO] [stdout]    |
[INFO] [stdout] 17 | use futures::future::Future;
[INFO] [stdout]    |     ^^^^^^^^^^^^^^^^^^^^^^^
[INFO] [stdout]    |
[INFO] [stdout]    = note: `#[warn(unused_imports)]` on by default
[INFO] [stdout] 
[INFO] [stdout] 
[INFO] [stdout] warning: unused import: `tantivy::tokenizer::Tokenizer`
[INFO] [stdout]   --> src/main.rs:22:5
[INFO] [stdout]    |
[INFO] [stdout] 22 | use tantivy::tokenizer::Tokenizer;
[INFO] [stdout]    |     ^^^^^^^^^^^^^^^^^^^^^^^^^^^^^
[INFO] [stdout] 
[INFO] [stdout] 
[INFO] [stdout] warning: unused import: `flate2::read::MultiGzDecoder`
[INFO] [stdout]    --> src/main.rs:340:9
[INFO] [stdout]     |
[INFO] [stdout] 340 |     use flate2::read::MultiGzDecoder;
[INFO] [stdout]     |         ^^^^^^^^^^^^^^^^^^^^^^^^^^^^
[INFO] [stdout] 
[INFO] [stdout] 
[INFO] [stdout] warning: unused import: `tantivy::Index`
[INFO] [stdout]    --> src/main.rs:341:9
[INFO] [stdout]     |
[INFO] [stdout] 341 |     use tantivy::Index;
[INFO] [stdout]     |         ^^^^^^^^^^^^^^
[INFO] [stdout] 
[INFO] [stdout] 
[INFO] [stdout] error[E0277]: the trait bound `&Path: Directory` is not satisfied
[INFO] [stdout]    --> src/main.rs:114:5
[INFO] [stdout]     |
[INFO] [stdout] 114 |     Index::create(index_directory, schema()).expect("Failed to create the index");
[INFO] [stdout]     |     ^^^^^^^^^^^^^ the trait `Directory` is not implemented for `&Path`
[INFO] [stdout]     | 
[INFO] [stdout]    ::: /opt/rustwide/cargo-home/registry/src/github.com-1ecc6299db9ec823/tantivy-0.13.0/src/core/index.rs:144:24
[INFO] [stdout]     |
[INFO] [stdout] 144 |     pub fn create<Dir: Directory>(dir: Dir, schema: Schema) -> crate::Result<Index> {
[INFO] [stdout]     |                        --------- required by this bound in `tantivy::Index::create`
[INFO] [stdout] 
[INFO] [stdout] 
[INFO] [stdout] error[E0277]: the trait bound `&Path: Directory` is not satisfied
[INFO] [stdout]    --> src/main.rs:114:5
[INFO] [stdout]     |
[INFO] [stdout] 114 |     Index::create(index_directory, schema()).expect("Failed to create the index");
[INFO] [stdout]     |     ^^^^^^^^^^^^^ the trait `Directory` is not implemented for `&Path`
[INFO] [stdout]     | 
[INFO] [stdout]    ::: /opt/rustwide/cargo-home/registry/src/github.com-1ecc6299db9ec823/tantivy-0.13.0/src/core/index.rs:144:24
[INFO] [stdout]     |
[INFO] [stdout] 144 |     pub fn create<Dir: Directory>(dir: Dir, schema: Schema) -> crate::Result<Index> {
[INFO] [stdout]     |                        --------- required by this bound in `tantivy::Index::create`
[INFO] [stdout] 
[INFO] [stdout] 
[INFO] [stdout] error[E0277]: the trait bound `&Path: Directory` is not satisfied
[INFO] [stdout]    --> src/main.rs:245:29
[INFO] [stdout]     |
[INFO] [stdout] 245 |     let index = Index::open(index_directory)?;
[INFO] [stdout]     |                             ^^^^^^^^^^^^^^^ the trait `Directory` is not implemented for `&Path`
[INFO] [stdout]     | 
[INFO] [stdout]    ::: /opt/rustwide/cargo-home/registry/src/github.com-1ecc6299db9ec823/tantivy-0.13.0/src/core/index.rs:242:20
[INFO] [stdout]     |
[INFO] [stdout] 242 |     pub fn open<D: Directory>(directory: D) -> crate::Result<Index> {
[INFO] [stdout]     |                    --------- required by this bound in `tantivy::Index::open`
[INFO] [stdout] 
[INFO] [stdout] 
[INFO] [stdout] error[E0277]: the trait bound `&Path: Directory` is not satisfied
[INFO] [stdout]    --> src/main.rs:245:29
[INFO] [stdout]     |
[INFO] [stdout] 245 |     let index = Index::open(index_directory)?;
[INFO] [stdout]     |                             ^^^^^^^^^^^^^^^ the trait `Directory` is not implemented for `&Path`
[INFO] [stdout]     | 
[INFO] [stdout]    ::: /opt/rustwide/cargo-home/registry/src/github.com-1ecc6299db9ec823/tantivy-0.13.0/src/core/index.rs:242:20
[INFO] [stdout]     |
[INFO] [stdout] 242 |     pub fn open<D: Directory>(directory: D) -> crate::Result<Index> {
[INFO] [stdout]     |                    --------- required by this bound in `tantivy::Index::open`
[INFO] [stdout] 
[INFO] [stdout] 
[INFO] [stdout] error[E0599]: no method named `filter` found for struct `SimpleTokenizer` in the current scope
[INFO] [stdout]    --> src/main.rs:247:10
[INFO] [stdout]     |
[INFO] [stdout] 247 |         .filter(RemoveLongFilter::limit(40))
[INFO] [stdout]     |          ^^^^^^ method not found in `SimpleTokenizer`
[INFO] [stdout]     | 
[INFO] [stdout]    ::: /opt/rustwide/cargo-home/registry/src/github.com-1ecc6299db9ec823/tantivy-0.13.0/src/tokenizer/simple_tokenizer.rs:7:1
[INFO] [stdout]     |
[INFO] [stdout] 7   | pub struct SimpleTokenizer;
[INFO] [stdout]     | --------------------------- doesn't satisfy `SimpleTokenizer: Iterator`
[INFO] [stdout]     |
[INFO] [stdout]     = note: the method `filter` exists but the following trait bounds were not satisfied:
[INFO] [stdout]             `SimpleTokenizer: Iterator`
[INFO] [stdout]             which is required by `&mut SimpleTokenizer: Iterator`
[INFO] [stdout] 
[INFO] [stdout] 
[INFO] [stdout] error[E0061]: this function takes 1 argument but 0 arguments were supplied
[INFO] [stdout]    --> src/main.rs:250:17
[INFO] [stdout]     |
[INFO] [stdout] 250 |         .filter(Stemmer::new())
[INFO] [stdout]     |                 ^^^^^^^^^^^^-- supplied 0 arguments
[INFO] [stdout]     |                 |
[INFO] [stdout]     |                 expected 1 argument
[INFO] [stdout] 
[INFO] [stdout] 
[INFO] [stdout] error[E0599]: no method named `filter` found for struct `SimpleTokenizer` in the current scope
[INFO] [stdout]    --> src/main.rs:247:10
[INFO] [stdout]     |
[INFO] [stdout] 247 |         .filter(RemoveLongFilter::limit(40))
[INFO] [stdout]     |          ^^^^^^ method not found in `SimpleTokenizer`
[INFO] [stdout]     | 
[INFO] [stdout]    ::: /opt/rustwide/cargo-home/registry/src/github.com-1ecc6299db9ec823/tantivy-0.13.0/src/tokenizer/simple_tokenizer.rs:7:1
[INFO] [stdout]     |
[INFO] [stdout] 7   | pub struct SimpleTokenizer;
[INFO] [stdout]     | --------------------------- doesn't satisfy `SimpleTokenizer: Iterator`
[INFO] [stdout]     |
[INFO] [stdout]     = note: the method `filter` exists but the following trait bounds were not satisfied:
[INFO] [stdout]             `SimpleTokenizer: Iterator`
[INFO] [stdout]             which is required by `&mut SimpleTokenizer: Iterator`
[INFO] [stdout] 
[INFO] [stdout] 
[INFO] [stdout] error[E0061]: this function takes 1 argument but 0 arguments were supplied
[INFO] [stdout]    --> src/main.rs:250:17
[INFO] [stdout]     |
[INFO] [stdout] 250 |         .filter(Stemmer::new())
[INFO] [stdout]     |                 ^^^^^^^^^^^^-- supplied 0 arguments
[INFO] [stdout]     |                 |
[INFO] [stdout]     |                 expected 1 argument
[INFO] [stdout] 
[INFO] [stdout] 
[INFO] [stdout] error[E0277]: the `?` operator can only be applied to values that implement `Try`
[INFO] [stdout]    --> src/main.rs:307:9
[INFO] [stdout]     |
[INFO] [stdout] 307 |         index_writer.garbage_collect_files()?;
[INFO] [stdout]     |         ^^^^^^^^^^^^^^^^^^^^^^^^^^^^^^^^^^^^^ the `?` operator cannot be applied to type `impl futures::Future`
[INFO] [stdout]     |
[INFO] [stdout]     = help: the trait `Try` is not implemented for `impl futures::Future`
[INFO] [stdout]     = note: required by `into_result`
[INFO] [stdout] 
[INFO] [stdout] 
[INFO] [stdout] error[E0599]: no method named `wait` found for opaque type `impl futures::Future` in the current scope
[INFO] [stdout]    --> src/main.rs:311:14
[INFO] [stdout]     |
[INFO] [stdout] 311 |             .wait()
[INFO] [stdout]     |              ^^^^ method not found in `impl futures::Future`
[INFO] [stdout] 
[INFO] [stdout] 
[INFO] [stdout] error[E0277]: the `?` operator can only be applied to values that implement `Try`
[INFO] [stdout]    --> src/main.rs:307:9
[INFO] [stdout]     |
[INFO] [stdout] 307 |         index_writer.garbage_collect_files()?;
[INFO] [stdout]     |         ^^^^^^^^^^^^^^^^^^^^^^^^^^^^^^^^^^^^^ the `?` operator cannot be applied to type `impl futures::Future`
[INFO] [stdout]     |
[INFO] [stdout]     = help: the trait `Try` is not implemented for `impl futures::Future`
[INFO] [stdout]     = note: required by `into_result`
[INFO] [stdout] 
[INFO] [stdout] 
[INFO] [stdout] error[E0599]: no method named `wait` found for opaque type `impl futures::Future` in the current scope
[INFO] [stdout]    --> src/main.rs:311:14
[INFO] [stdout]     |
[INFO] [stdout] 311 |             .wait()
[INFO] [stdout]     |              ^^^^ method not found in `impl futures::Future`
[INFO] [stdout] 
[INFO] [stdout] 
[INFO] [stdout] error[E0599]: no method named `read_to_end` found for struct `File` in the current scope
[INFO] [stdout]    --> src/main.rs:347:14
[INFO] [stdout]     |
[INFO] [stdout] 347 |         file.read_to_end(&mut data).unwrap();
[INFO] [stdout]     |              ^^^^^^^^^^^ method not found in `File`
[INFO] [stdout]     |
[INFO] [stdout]     = help: items from traits can only be used if the trait is in scope
[INFO] [stdout]     = note: the following trait is implemented but not in scope; perhaps add a `use` for it:
[INFO] [stdout]             `use std::io::Read;`
[INFO] [stdout] 
[INFO] [stdout] 
[INFO] [stdout] error: aborting due to 6 previous errors; 2 warnings emitted
[INFO] [stdout] 
[INFO] [stdout] 
[INFO] [stdout] Some errors have detailed explanations: E0061, E0277, E0599.
[INFO] [stdout] 
[INFO] [stdout] For more information about an error, try `rustc --explain E0061`.
[INFO] [stdout] 
[INFO] [stdout] error: aborting due to 7 previous errors; 4 warnings emitted
[INFO] [stdout] 
[INFO] [stdout] 
[INFO] [stdout] Some errors have detailed explanations: E0061, E0277, E0599.
[INFO] [stdout] 
[INFO] [stdout] For more information about an error, try `rustc --explain E0061`.
[INFO] [stdout] 
[INFO] [stderr] error: could not compile `tantivy-commoncrawl`.
[INFO] [stderr] 
[INFO] [stderr] To learn more, run the command again with --verbose.
[INFO] [stderr] warning: build failed, waiting for other jobs to finish...
[INFO] [stderr] error: build failed
[INFO] running `Command { std: "docker" "inspect" "ebb86d228cd0dec4aaba6e702ab0f3499862fa9f41484ac47ceaa5a1d5e34211", kill_on_drop: false }`
[INFO] running `Command { std: "docker" "rm" "-f" "ebb86d228cd0dec4aaba6e702ab0f3499862fa9f41484ac47ceaa5a1d5e34211", kill_on_drop: false }`
[INFO] [stdout] ebb86d228cd0dec4aaba6e702ab0f3499862fa9f41484ac47ceaa5a1d5e34211
